3 + 60*i**2 + 422*i - 163. Give g(-16).
-3843
Let s(y) = 127*y + 1599. Calculate s(-16).
-433
Let k(j) = -158*j**2 + 159109*j - 3038. What is k(1007)?
-17
Let y(a) = 5*a**2 - 654*a + 4060. Calculate y(6).
316
Let f(g) = -g**3 - 6*g**2 + 5*g + 7. Give f(5).
-243
Let h(p) = -100*p**3 - 3*p**2 - 184*p + 369. Calculate h(2).
-811
Let i(o) = -o**2 + 50*o + 605. Determine i(-10).
5
Let z(m) = 338*m**3 + 26*m + 25. Give z(-1).
-339
Let n(d) = -44*d - 2839. Give n(-71).
285
Let r(g) = -2*g**2 - 12*g + 3118. What is r(33)?
544
Let c(j) = 31*j - 1245. Calculate c(-29).
-2144
Let m(k) = 302*k**2 - 38945*k - 1679. Calculate m(129).
-2
Let z(j) = 2*j**2 - 96337*j + 963180. What is z(10)?
10
Let r(m) = -m**3 - 16*m**2 + 12299*m + 4985. What is r(-119)?
-13
Let c(i) = -12*i**3 + 17*i**2 + 7*i + 2. What is c(4)?
-466
Let u(f) = -869*f**3 - 3*f**2 + 9*f - 5. Calculate u(1).
-868
Let r(o) = 29117*o - 4833420. What is r(166)?
2
Let y(t) = -t**3 - 117*t**2 + 153*t + 551. Give y(-118).
-3579
Let s(z) = 268*z**2 + 1078*z + 88. Give s(-4).
64
Let r(l) = -6*l**2 - 397*l + 1582. Determine r(-70).
-28
Let g(m) = m**2 + 544*m + 19178. Give g(-37).
419
Let j(h) = 191*h - 46593. Calculate j(245).
202
Let u(b) = -1164211*b - 1164215. What is u(-1)?
-4
Let m(c) = 2*c**3 + 2*c**2 + 31*c - 81. Give m(2).
5
Let r(d) = 267*d - 1967. Give r(8).
169
Let r(t) = -81867*t - 163738. What is r(-2)?
-4
Let b(l) = -1605*l + 653246. Give b(407).
11
Let b(q) = 691*q - 1040. Calculate b(2).
342
Let w(x) = 15940*x + 127501. Calculate w(-8).
-19
Let y(w) = -236*w**2 - 4251*w - 23. Calculate y(-18).
31
Let g(o) = -1386*o - 8070. Give g(-6).
246
Let c(m) = -3*m**3 + 41*m**2 + 25*m + 52. Calculate c(14).
206
Let g(k) = -203*k**2 + 2021*k + 72. Determine g(10).
-18
Let v(p) = -833*p + 159912. Calculate v(192).
-24
Let i(m) = 2181*m - 37156. Give i(17).
-79
Let g(j) = -523416*j - 523413. Give g(-1).
3
Let i(u) = -12*u**2 + 1495*u + 11039. Calculate i(-7).
-14
Let o(p) = -138*p - 6038. Give o(-43).
-104
Let m(k) = -3*k**2 + 447562*k - 895118. Give m(2).
-6
Let i(g) = -5*g**2 + 2213*g + 13401. Calculate i(-6).
-57
Let r(p) = 138*p - 775. Give r(5).
-85
Let x(o) = 18*o - 781. Determine x(29).
-259
Let s(x) = -x**3 + 43*x**2 + 342*x - 10484. What is s(14)?
-12
Let g(a) = 605*a - 92590. What is g(153)?
-25
Let k(u) = 11*u**3 + 328*u**2 + 82*u + 4265. Give k(-30).
5
Let v(w) = -3*w**2 + 1776*w - 255921. Give v(248).
15
Let v(q) = -6*q**2 - 551*q - 2652. What is v(-5)?
-47
Let s(o) = -3*o**3 - 160*o**2 + 1069*o + 2. Give s(6).
8
Let u(a) = -15*a**2 + 487*a - 38. Calculate u(8).
2898
Let l(n) = -131*n**2 - 1530*n - 3458. Give l(-3).
-47
Let n(z) = -534*z + 21346. Determine n(40).
-14
Let p(g) = -27341*g + 109687. Determine p(4).
323
Let s(o) = 286*o - 12232. What is s(45)?
638
Let l(r) = 9*r**2 - 117*r + 1315. Determine l(14).
1441
Let h(d) = 1248*d - 1290425. What is h(1034)?
7
Let y(i) = -976*i**2 - 11716*i - 95. Determine y(-12).
-47
Let u(n) = 80862*n + 16495855. What is u(-204)?
7
Let t(f) = 7993*f + 3341139. Calculate t(-418).
65
Let a(d) = -5*d**2 + 114*d + 1508. What is a(-19)?
-2463
Let j(c) = -c**2 - 2545*c - 70453. Determine j(-28).
23
Let m(l) = 10222*l - 357768. Determine m(35).
2
Let m(w) = 307235*w - 3072352. What is m(10)?
-2
Let u(l) = 59*l**3 + 694*l**2 - 157*l + 127. Determine u(-12).
-5
Let q(v) = 13649*v + 177525. Give q(-13).
88
Let t(p) = -5*p**3 + 89*p**2 - 373*p - 13. What is t(11)?
-2
Let u(f) = f**3 + 14*f**2 - 1290*f - 21186. Determine u(-16).
-1058
Let b(o) = 76*o - 1504. Give b(17).
-212
Let h(z) = -73*z + 244. Calculate h(-14).
1266
Let b(c) = 500*c + 52197. What is b(-104)?
197
Let z(j) = -48893*j - 12565493. Calculate z(-257).
8
Let p(t) = 3*t**3 + 131*t**2 - 1648*t + 37. Calculate p(11).
1753
Let c(p) = -p**3 - 6*p**2 + 2739*p + 10989. Determine c(-4).
1
Let u(v) = v**2 - 871*v - 2607. Calculate u(-3).
15
Let a(o) = 778*o + 16290. Give a(-20).
730
Let s(g) = -429*g + 99105. Determine s(231).
6
Let x(a) = 161*a - 4443. Calculate x(29).
226
Let a(y) = 19270*y - 500870. What is a(26)?
150
Let h(z) = -z**3 + 49*z**2 - 411*z + 4262. Give h(41).
859
Let i(s) = -5*s**2 + 667*s + 8251. Give i(-12).
-473
Let g(n) = 768*n + 4776. What is g(-6)?
168
Let p(z) = -2309*z**2 + 9237*z - 56. Give p(4).
-52
Let u(c) = 2*c**3 - 87*c**2 - 3150*c + 167. What is u(67)?
100
Let m(l) = -8498*l - 152850. What is m(-18)?
114
Let b(j) = -j**3 + 91*j**2 - 42*j + 12108. Give b(92).
-220
Let a(s) = 316*s - 20622. What is a(67)?
550
Let w(f) = f**3 - 260*f**2 + 992*f + 8571. What is w(256)?
379
Let r(k) = k**3 + 34*k**2 - 1681*k - 10. Calculate r(27).
-928
Let v(t) = -3870*t + 1807236. Give v(467).
-54
Let i(b) = -8*b**2 + 1021*b - 10259. Calculate i(11).
4
Let t(b) = b**2 + 1935*b - 5913. Give t(3).
-99
Let x(g) = -4*g**3 + 40*g**2 - 98*g + 216. Give x(6).
204
Let x(v) = v**3 - 77*v**2 + 88*v + 601. Give x(75).
-4049
Let x(n) = -117*n + 19193. Give x(177).
-1516
Let l(g) = -12*g**2 - 668*g + 7735. What is l(10)?
-145
Let b(s) = s**2 - 1140*s + 76850. Give b(72).
-46
Let w(h) = h**3 + 111*h**2 + 971*h - 4215. What is w(-101)?
-276
Let i(n) = 290*n - 5033. Determine i(21).
1057
Let o(w) = 6*w**3 + 116*w**2 + 15*w - 423. Calculate o(-19).
14
Let p(l) = l**3 - 50*l**2 - 1118*l + 32. What is p(-17)?
-325
Let k(t) = -78*t + 313. Calculate k(-2).
469
Let g(l) = -9*l**2 - 1269*l + 3825. Calculate g(3).
-63
Let z(x) = -20*x**3 - 2*x**2 - 30703*x + 61410. Give z(2).
-164
Let n(v) = -2*v**3 + 86*v**2 - 55*v - 677. What is n(42)?
541
Let z(y) = -7427*y**2 - 207951*y + 23. What is z(-28)?
-117
Let o(x) = x**3 - 40*x**2 + 352*x - 127. Determine o(28).
321
Let p(c) = 2*c**2 - 6058*c - 30333. Calculate p(-5).
7
Let x(l) = -l**2 - 2332*l + 63680. Determine x(27).
-13
Let s(l) = 54*l**2 - 55*l - 1011. Determine s(5).
64
Let f(k) = 2*k**3 - 146*k**2 - 798*k + 269. Give f(78).
-1135
Let t(r) = 20*r**2 - 7246*r + 2249. Determine t(362).
77
Let o(v) = 172060*v - 1204495. What is o(7)?
-75
Let t(p) = 7*p**3 - 130*p**2 + 61*p - 159. Determine t(17).
-2301
Let t(f) = 6*f**2 - 304*f + 2635. What is t(10)?
195
Let k(r) = 6*r**3 - 403*r**2 + 1214*r + 140. Determine k(64).
12
Let y(c) = 21*c**2 - 6192*c - 1190. Calculate y(295).
-305
Let t(h) = h**2 - 122*h + 1169. What is t(101)?
-952
Let l(y) = -3456*y + 19257. Give l(5).
1977
Let d(i) = 4*i**3 - 236*i**2 - 967*i - 2591. What is d(63)?
-8
Let v(s) = 3*s**3 - 40*s**2 - 13*s - 219. Calculate v(14).
-9
Let n(v) = -42*v + 4067. Determine n(100).
-133
Let r(f) = f**2 - 486*f - 2018. What is r(-4)?
-58
Let x(b) = -298*b + 4617. Determine x(14).
445
Let f(a) = a**3 + 11*a**2 - 123*a - 1061. Calculate f(-14).
73
Let l(q) = 232*q - 1585. Give l(6).
-193
Let l(a) = -3588*a**2 + 645840*a - 3. Give l(180).
-3
Let x(g) = -28*g**2 + 1156*g + 5751. What is x(-5)?
-729
Let x(o) = -649*o - 127213. Calculate x(-196).
-9
Let b(a) = -13092*a**2 - 8588351*a + 656. Determine b(-656).
0
Let g(r) = -196*r**2 - 9884*r - 75765. What is g(-41)?
3
Let m(h) = -2*h**2 + 18871*h + 113290. Calculate m(-6).
-8
Let u(n) = 3*n**3 - 4*n**2 - 427*n + 38. Calculate u(12).
-478
Let d(f) = -18*f**2 + 793*f - 3819. Calculate d(5).
-304
Let w(r) = 11*r**3 + 277*r**2 - 8*r - 1383. Determine w(-25).
67
Let a(r) = 78393*r + 43508111. Determine a(-555).
-4
Let h(i) = -2*i**2 + 239126*i + 1434835. Give h(-6).
7
Let n(f) = 198*f + 11161. Determine n(-58).
-323
Let k(g) = 19295*g - 57879. Determine k(3).
6
Let h(v) = 798*v**2 - 1593*v + 88. Give h(2).
94
Let s(m) = -1673*m - 403083. What is s(-241)?
110
Let p(y) = -65534*y + 6618947. What is p(101)?
13
Let c(k) = -125*k**2 + 10885*k - 873. Calculate c(87).
-3
Let n(q) = -q**3 + 27*q**2 + 548*q - 13766. Determine n(20).
-6
Let f(b) = b**3 - 15*b**2 + 336*b - 5803. Give f(16).
-171
Let a(r) = -4027*r - 52363. Determine a(-13).
-12
Let r(v) = -v**2 - 2013*v + 813343. What is r(345)?
-167
Let w(t) = -t**3 + 30*t**2 + 993*t - 29794. Give w(30).
-4
Let f(x) = 6*x**3 - 227*x**2 + 1620*x + 22. What is f(9)?
589
Let d(p) = 22452*p + 134764. Give d(-6).
52
Let g(c) = -c**2 - 759238*c + 3796224. Calculate g(5).
9
Let w(o) = -5621*o - 11572. Give w(-2).
-330
Let d(h) = -5*h**3 + 47*h**2 + 58*h - 851. What is d(5)?
-11
Let x(l) = -3*l**2 + 541*l - 145. Give x(180).
35
Let d(c) = -22